{"id":121,"date":"2019-04-08T08:53:56","date_gmt":"2019-04-08T11:53:56","guid":{"rendered":"http:\/\/site.merkava.com.br\/?page_id=121"},"modified":"2022-05-25T13:47:48","modified_gmt":"2022-05-25T16:47:48","slug":"contato","status":"publish","type":"page","link":"https:\/\/site.merkava.com.br\/?page_id=121","title":{"rendered":"Contato"},"content":{"rendered":"\t\t<div data-elementor-type=\"wp-post\" data-elementor-id=\"121\" class=\"elementor elementor-121\">\n\t\t\t\t\t\t<div class=\"elementor-inner\">\n\t\t\t\t<div class=\"elementor-section-wrap\">\n\t\t\t\t\t\t\t\t\t<section class=\"elementor-section elementor-top-section elementor-element elementor-element-3144476 elementor-section-boxed elementor-section-height-default elementor-section-height-default\" data-id=\"3144476\" data-element_type=\"section\">\n\t\t\t\t\t\t<div class=\"elementor-container elementor-column-gap-no\">\n\t\t\t\t\t\t\t<div class=\"elementor-row\">\n\t\t\t\t\t<div class=\"aux-parallax-section elementor-column elementor-col-100 elementor-top-column elementor-element elementor-element-71a5bc6\" data-id=\"71a5bc6\" data-element_type=\"column\">\n\t\t\t<div class=\"elementor-column-wrap elementor-element-populated\">\n\t\t\t\t\t\t\t<div class=\"elementor-widget-wrap\">\n\t\t\t\t\t\t<div class=\"elementor-element elementor-element-28ff088 aux-appear-watch-animation aux-fade-in elementor-widget elementor-widget-aux_modern_heading\" data-id=\"28ff088\" data-element_type=\"widget\" data-widget_type=\"aux_modern_heading.default\">\n\t\t\t\t<div class=\"elementor-widget-container\">\n\t\t\t<section class=\"aux-widget-modern-heading\">\n            <div class=\"aux-widget-inner\"><p class=\"aux-modern-heading-primary\">Fa\u00e7a contato<\/p><h5 class=\"aux-modern-heading-secondary\"><span class=\"aux-head-before\">Prontos <\/span><span class=\"aux-head-highlight\">para te atender!<\/span><\/h5><\/div>\n        <\/section>\t\t<\/div>\n\t\t\t\t<\/div>\n\t\t\t\t<section class=\"elementor-section elementor-top-section elementor-element elementor-element-11c8ec9 elementor-section-content-middle elementor-section-boxed elementor-section-height-default elementor-section-height-default\" data-id=\"11c8ec9\" data-element_type=\"section\">\n\t\t\t\t\t\t<div class=\"elementor-container elementor-column-gap-extended\">\n\t\t\t\t\t\t\t<div class=\"elementor-row\">\n\t\t\t\t\t<div class=\"aux-parallax-section elementor-column elementor-col-33 elementor-top-column elementor-element elementor-element-702f1b4 aux-appear-watch-animation aux-fade-in-right\" data-id=\"702f1b4\" data-element_type=\"column\">\n\t\t\t<div class=\"elementor-column-wrap elementor-element-populated\">\n\t\t\t\t\t\t\t<div class=\"elementor-widget-wrap\">\n\t\t\t\t\t\t<div class=\"elementor-element elementor-element-33d0bfc elementor-widget elementor-widget-aux_simple_svg\" data-id=\"33d0bfc\" data-element_type=\"widget\" data-widget_type=\"aux_simple_svg.default\">\n\t\t\t\t<div class=\"elementor-widget-container\">\n\t\t\t    <div class=\"aux-widget-container aux-simple-svg-container\">\n        <div class=\"aux-widget-container-inner\">\n            <div class=\"aux-the-svg\"><svg xmlns=\"http:\/\/www.w3.org\/2000\/svg\" xmlns:xlink=\"http:\/\/www.w3.org\/1999\/xlink\" width=\"45.584\" height=\"52.421\" viewBox=\"0 0 45.584 52.421\"><defs><style>.a{fill:url(#a);}<\/style><linearGradient id=\"a\" x1=\"0.027\" y1=\"0.14\" x2=\"0.914\" y2=\"0.766\" gradientUnits=\"objectBoundingBox\"><stop offset=\"0\" stop-color=\"#b6246e\"\/><stop offset=\"1\" stop-color=\"#f9636b\"\/><\/linearGradient><\/defs><g transform=\"translate(-748.406 -516.871)\"><g transform=\"translate(303 -8)\"><path class=\"a reward-svg\" d=\"M2041.792,52.421a2.432,2.432,0,0,1-1.14-.285,66.9,66.9,0,0,1-11.173-9.241,45.1,45.1,0,0,1-7.226-9.529A24.093,24.093,0,0,1,2019,21.794C2019,9.777,2029.224,0,2041.792,0s22.792,9.777,22.792,21.794a24.1,24.1,0,0,1-3.253,11.572,45.117,45.117,0,0,1-7.226,9.529,66.673,66.673,0,0,1-11.173,9.241A2.433,2.433,0,0,1,2041.792,52.421Zm0-50.292c-11.406,0-20.686,8.873-20.686,19.779,0,6.107,3.289,12.729,9.51,19.15a60.362,60.362,0,0,0,10.14,8.387,2.2,2.2,0,0,0,2.069,0,60.474,60.474,0,0,0,10.14-8.387c6.222-6.42,9.51-13.042,9.51-19.15C2062.477,11,2053.2,2.129,2041.792,2.129Z\" transform=\"translate(-1573.593 524.871)\"\/><path class=\"a reward-svg\" d=\"M2030.19,22.381a11.191,11.191,0,0,1-7.913-19.1A11.191,11.191,0,1,1,2038.1,19.1,11.118,11.118,0,0,1,2030.19,22.381Zm0-20.191a9,9,0,1,0,9,9A9.01,9.01,0,0,0,2030.19,2.191Z\" transform=\"translate(-1562.191 534.809)\"\/><\/g><\/g><\/svg><\/div>\n        <\/div>\n    <\/div>\n    \t\t<\/div>\n\t\t\t\t<\/div>\n\t\t\t\t<div class=\"elementor-element elementor-element-d9cff3d elementor-widget elementor-widget-aux_text\" data-id=\"d9cff3d\" data-element_type=\"widget\" data-widget_type=\"aux_text.default\">\n\t\t\t\t<div class=\"elementor-widget-container\">\n\t\t\t<section class=\"widget-container aux-widget-text aux-parent-aueab9e11f\" style=\"\" >        <div class=\"aux-widget-advanced-text aux-wrap-style-simple aux-ico-pos- aux-text-center aux-text-resp-center aux-text-color-dark aux-text-widget-bg-center  \" >\n        \n            \n            <div class=\"aux-text-inner aux-text-widget-content\">\n                                <h4 class=\"col-title\">Endere\u00e7o:<\/h4>\n                                <div class=\"widget-content\">\n                                        <p>Rua Ronald Tkotz, 3377 - Jardim Taroba, Camb\u00e9 - PR, 86191-345<\/p>                <\/div>\n                            <\/div>\n        <\/div>\n                    <div class=\"aux-text-widget-footer\">\n                <div class=\"aux-border-shape-none \">\n                                <\/div>\n            <\/div>\n        \n<\/section><!-- widget-container -->\t\t<\/div>\n\t\t\t\t<\/div>\n\t\t\t\t\t\t<\/div>\n\t\t\t\t\t<\/div>\n\t\t<\/div>\n\t\t\t\t<div class=\"aux-parallax-section elementor-column elementor-col-33 elementor-top-column elementor-element elementor-element-8f40982 aux-appear-watch-animation aux-fade-in-right\" data-id=\"8f40982\" data-element_type=\"column\">\n\t\t\t<div class=\"elementor-column-wrap elementor-element-populated\">\n\t\t\t\t\t\t\t<div class=\"elementor-widget-wrap\">\n\t\t\t\t\t\t<div class=\"elementor-element elementor-element-c742c95 elementor-widget elementor-widget-aux_simple_svg\" data-id=\"c742c95\" data-element_type=\"widget\" data-widget_type=\"aux_simple_svg.default\">\n\t\t\t\t<div class=\"elementor-widget-container\">\n\t\t\t    <div class=\"aux-widget-container aux-simple-svg-container\">\n        <div class=\"aux-widget-container-inner\">\n            <div class=\"aux-the-svg\">\n<svg xmlns=\"http:\/\/www.w3.org\/2000\/svg\" xmlns:xlink=\"http:\/\/www.w3.org\/1999\/xlink\" width=\"38.97\" height=\"59.846\" viewBox=\"0 0 38.97 59.846\"><defs><style>.a{fill:url(#a);}<\/style><linearGradient id=\"a\" x1=\"0.5\" x2=\"0.5\" y2=\"1\" gradientUnits=\"objectBoundingBox\"><stop offset=\"0\" stop-color=\"#b6246e\"\/><stop offset=\"1\" stop-color=\"#f9636b\"\/><\/linearGradient><\/defs><g transform=\"translate(-22 -7)\"><g transform=\"translate(22 7)\"><path class=\"a reward-svg\" d=\"M26.589,959.362A4.634,4.634,0,0,0,22,963.994v50.6a4.613,4.613,0,0,0,4.588,4.61H56.359a4.63,4.63,0,0,0,4.61-4.61v-50.6a4.651,4.651,0,0,0-4.61-4.632Zm0,1.392H56.359a3.242,3.242,0,0,1,3.218,3.24v6.72H23.392v-6.72a3.231,3.231,0,0,1,3.2-3.24Zm-3.2,11.352H59.578v34.381H23.392V972.106Zm0,35.773H59.578v6.72a3.228,3.228,0,0,1-3.218,3.218H26.588a3.217,3.217,0,0,1-3.2-3.218v-6.72Z\" transform=\"translate(-22 -959.362)\"\/><path class=\"a reward-svg\" d=\"M48.755,1032.17a2.838,2.838,0,1,0,2.849,2.849A2.871,2.871,0,0,0,48.755,1032.17Zm0,1.392a1.446,1.446,0,1,1,0,2.892,1.446,1.446,0,1,1,0-2.892Z\" transform=\"translate(-29.27 -981.504)\"\/><path class=\"a\" d=\"M50.015,1036.17c.027,0,.014,0,.014.058,0,.1.047.057-.057.057-.077,0-.057.024-.057-.057,0-.052,0-.056.057-.056h.043Z\" transform=\"translate(-30.489 -982.72)\"\/><path class=\"a reward-svg\" d=\"M42.7,967.122h9.731a.7.7,0,0,1,.269,1.342h0a.71.71,0,0,1-.268.049H42.7a.695.695,0,0,1-.5-.2h0a.7.7,0,0,1,.5-1.191Z\" transform=\"translate(-28.08 -961.722)\"\/><\/g><\/g><\/svg><\/div>\n        <\/div>\n    <\/div>\n    \t\t<\/div>\n\t\t\t\t<\/div>\n\t\t\t\t<div class=\"elementor-element elementor-element-5ef41c2 elementor-widget elementor-widget-aux_text\" data-id=\"5ef41c2\" data-element_type=\"widget\" data-widget_type=\"aux_text.default\">\n\t\t\t\t<div class=\"elementor-widget-container\">\n\t\t\t<section class=\"widget-container aux-widget-text aux-parent-aud62e688e\" style=\"\" >        <div class=\"aux-widget-advanced-text aux-wrap-style-simple aux-ico-pos- aux-text-center aux-text-resp-center aux-text-color-dark aux-text-widget-bg-center  \" >\n        \n            \n            <div class=\"aux-text-inner aux-text-widget-content\">\n                                <h4 class=\"col-title\">Numero de contato<\/h4>\n                                <div class=\"widget-content\">\n                                        <p><a href=\"https:\/\/www.google.com\/search?q=clube+merkava+londrina&rlz=1C1FCXM_pt-PTBR997BR997&oq=clube+merkava+londrina&aqs=chrome..69i57j69i60l3.3681j0j4&sourceid=chrome&ie=UTF-8#\" data-dtype=\"d3ph\" data-local-attribute=\"d3ph\" data-ved=\"2ahUKEwiDoPmL1vj3AhUyFbkGHZkhB1oQkAgoAHoFCNcCEAM\"><span aria-label=\"Ligar para (43) 3338-1212\">(43) 3338-1212<\/span><\/a><\/p>                <\/div>\n                            <\/div>\n        <\/div>\n                    <div class=\"aux-text-widget-footer\">\n                <div class=\"aux-border-shape-none \">\n                                <\/div>\n            <\/div>\n        \n<\/section><!-- widget-container -->\t\t<\/div>\n\t\t\t\t<\/div>\n\t\t\t\t\t\t<\/div>\n\t\t\t\t\t<\/div>\n\t\t<\/div>\n\t\t\t\t<div class=\"aux-parallax-section elementor-column elementor-col-33 elementor-top-column elementor-element elementor-element-8e84cb2 aux-appear-watch-animation aux-fade-in-right\" data-id=\"8e84cb2\" data-element_type=\"column\">\n\t\t\t<div class=\"elementor-column-wrap elementor-element-populated\">\n\t\t\t\t\t\t\t<div class=\"elementor-widget-wrap\">\n\t\t\t\t\t\t<div class=\"elementor-element elementor-element-deca0a2 elementor-widget elementor-widget-aux_simple_svg\" data-id=\"deca0a2\" data-element_type=\"widget\" data-widget_type=\"aux_simple_svg.default\">\n\t\t\t\t<div class=\"elementor-widget-container\">\n\t\t\t    <div class=\"aux-widget-container aux-simple-svg-container\">\n        <div class=\"aux-widget-container-inner\">\n            <div class=\"aux-the-svg\"><img src=\"https:\/\/site.merkava.com.br\/wp-content\/uploads\/2022\/05\/marketing-de-email.png\" title=\"marketing-de-email\" alt=\"marketing-de-email\" \/><\/div>\n        <\/div>\n    <\/div>\n    \t\t<\/div>\n\t\t\t\t<\/div>\n\t\t\t\t<div class=\"elementor-element elementor-element-6f0c927 elementor-widget elementor-widget-aux_text\" data-id=\"6f0c927\" data-element_type=\"widget\" data-widget_type=\"aux_text.default\">\n\t\t\t\t<div class=\"elementor-widget-container\">\n\t\t\t<section class=\"widget-container aux-widget-text aux-parent-au55e8143c\" style=\"\" >        <div class=\"aux-widget-advanced-text aux-wrap-style-simple aux-ico-pos- aux-text-center aux-text-resp-center aux-text-color-dark aux-text-widget-bg-center  \" >\n        \n            \n            <div class=\"aux-text-inner aux-text-widget-content\">\n                                <h4 class=\"col-title\">E-mail de contato<\/h4>\n                                <div class=\"widget-content\">\n                                        <p>ctmerkava@gmail.com<\/p>                <\/div>\n                            <\/div>\n        <\/div>\n                    <div class=\"aux-text-widget-footer\">\n                <div class=\"aux-border-shape-none \">\n                                <\/div>\n            <\/div>\n        \n<\/section><!-- widget-container -->\t\t<\/div>\n\t\t\t\t<\/div>\n\t\t\t\t\t\t<\/div>\n\t\t\t\t\t<\/div>\n\t\t<\/div>\n\t\t\t\t\t\t\t\t<\/div>\n\t\t\t\t\t<\/div>\n\t\t<\/section>\n\t\t\t\t\t\t<\/div>\n\t\t\t\t\t<\/div>\n\t\t<\/div>\n\t\t\t\t\t\t\t\t<\/div>\n\t\t\t\t\t<\/div>\n\t\t<\/section>\n\t\t\t\t<section class=\"elementor-section elementor-top-section elementor-element elementor-element-29045be elementor-section-content-middle elementor-reverse-mobile elementor-reverse-tablet elementor-section-boxed elementor-section-height-default elementor-section-height-default\" data-id=\"29045be\" data-element_type=\"section\" data-settings=\"{&quot;background_background&quot;:&quot;gradient&quot;}\">\n\t\t\t\t\t\t<div class=\"elementor-container elementor-column-gap-no\">\n\t\t\t\t\t\t\t<div class=\"elementor-row\">\n\t\t\t\t\t<div class=\"aux-parallax-section elementor-column elementor-col-50 elementor-top-column elementor-element elementor-element-9f5b450\" data-id=\"9f5b450\" data-element_type=\"column\">\n\t\t\t<div class=\"elementor-column-wrap elementor-element-populated\">\n\t\t\t\t\t\t\t<div class=\"elementor-widget-wrap\">\n\t\t\t\t\t\t<div class=\"elementor-element elementor-element-ee0dc78 aux-appear-watch-animation aux-fade-in elementor-widget elementor-widget-aux_modern_heading\" data-id=\"ee0dc78\" data-element_type=\"widget\" data-widget_type=\"aux_modern_heading.default\">\n\t\t\t\t<div class=\"elementor-widget-container\">\n\t\t\t<section class=\"aux-widget-modern-heading\">\n            <div class=\"aux-widget-inner\"><p class=\"aux-modern-heading-primary\">Informe sua duvida<\/p><h5 class=\"aux-modern-heading-secondary\"><span class=\"aux-head-before\">Preencha<\/span><span class=\"aux-head-highlight\">o Formulario<\/span><\/h5><div class=\"aux-modern-heading-description\"><p>Em breve responderemos!\u00a0<\/p><\/div><\/div>\n        <\/section>\t\t<\/div>\n\t\t\t\t<\/div>\n\t\t\t\t<div class=\"elementor-element elementor-element-54be6f1 aux-appear-watch-animation aux-fade-in-up elementor-widget elementor-widget-aux_contact_form\" data-id=\"54be6f1\" data-element_type=\"widget\" data-widget_type=\"aux_contact_form.default\">\n\t\t\t\t<div class=\"elementor-widget-container\">\n\t\t\t<section class=\"widget-container aux-widget-contact-form aux-parent-au04b904ef\" style=\"\" >            <div class=\"aux-col-wrapper aux-no-gutter\">\n            <!-- @TODO - The output for element here -->\n\n            <div class=\"wpforms-container wpforms-container-full\" id=\"wpforms-324\"><form id=\"wpforms-form-324\" class=\"wpforms-validate wpforms-form wpforms-ajax-form\" data-formid=\"324\" method=\"post\" enctype=\"multipart\/form-data\" action=\"\/index.php?rest_route=%2Fwp%2Fv2%2Fpages%2F121\" data-token=\"36879d4e25c9d9acefb1feba054dcc44\"><noscript class=\"wpforms-error-noscript\">Please enable JavaScript in your browser to complete this form.<\/noscript><div class=\"wpforms-field-container\"><div id=\"wpforms-324-field_0-container\" class=\"wpforms-field wpforms-field-name\" data-field-id=\"0\"><label class=\"wpforms-field-label\" for=\"wpforms-324-field_0\">Nome <span class=\"wpforms-required-label\">*<\/span><\/label><div class=\"wpforms-field-row wpforms-field-medium\"><div class=\"wpforms-field-row-block wpforms-first wpforms-one-half\"><input type=\"text\" id=\"wpforms-324-field_0\" class=\"wpforms-field-name-first wpforms-field-required\" name=\"wpforms[fields][0][first]\" required><label for=\"wpforms-324-field_0\" class=\"wpforms-field-sublabel after \">First<\/label><\/div><div class=\"wpforms-field-row-block wpforms-one-half\"><input type=\"text\" id=\"wpforms-324-field_0-last\" class=\"wpforms-field-name-last wpforms-field-required\" name=\"wpforms[fields][0][last]\" required><label for=\"wpforms-324-field_0-last\" class=\"wpforms-field-sublabel after \">Last<\/label><\/div><\/div><\/div><div id=\"wpforms-324-field_3-container\" class=\"wpforms-field wpforms-field-number\" data-field-id=\"3\"><label class=\"wpforms-field-label\" for=\"wpforms-324-field_3\">Telefone <span class=\"wpforms-required-label\">*<\/span><\/label><input type=\"number\" pattern=\"\\d*\" id=\"wpforms-324-field_3\" class=\"wpforms-field-medium wpforms-field-required\" name=\"wpforms[fields][3]\" required><\/div><div id=\"wpforms-324-field_1-container\" class=\"wpforms-field wpforms-field-email\" data-field-id=\"1\"><label class=\"wpforms-field-label\" for=\"wpforms-324-field_1\">Email <span class=\"wpforms-required-label\">*<\/span><\/label><input type=\"email\" id=\"wpforms-324-field_1\" class=\"wpforms-field-medium wpforms-field-required\" name=\"wpforms[fields][1]\" required><\/div><div id=\"wpforms-324-field_2-container\" class=\"wpforms-field wpforms-field-textarea\" data-field-id=\"2\"><label class=\"wpforms-field-label\" for=\"wpforms-324-field_2\">Mensagem<\/label><textarea id=\"wpforms-324-field_2\" class=\"wpforms-field-medium\" name=\"wpforms[fields][2]\" ><\/textarea><\/div><\/div><div class=\"wpforms-submit-container\"><input type=\"hidden\" name=\"wpforms[id]\" value=\"324\"><input type=\"hidden\" name=\"wpforms[author]\" value=\"1\"><button type=\"submit\" name=\"wpforms[submit]\" id=\"wpforms-submit-324\" class=\"wpforms-submit\" data-alt-text=\"Sending...\" data-submit-text=\"Enviar \" aria-live=\"assertive\" value=\"wpforms-submit\">Enviar <\/button><img loading=\"lazy\" src=\"https:\/\/site.merkava.com.br\/wp-content\/plugins\/wpforms-lite\/assets\/images\/submit-spin.svg\" class=\"wpforms-submit-spinner\" style=\"display: none;\" width=\"26\" height=\"26\" alt=\"\"><\/div><\/form><\/div>  <!-- .wpforms-container -->\n\n            <\/div><!-- aux-col-wrapper -->\n    <\/section><!-- widget-container -->\t\t<\/div>\n\t\t\t\t<\/div>\n\t\t\t\t\t\t<\/div>\n\t\t\t\t\t<\/div>\n\t\t<\/div>\n\t\t\t\t<div class=\"aux-parallax-section elementor-column elementor-col-50 elementor-top-column elementor-element elementor-element-de8477d\" data-id=\"de8477d\" data-element_type=\"column\">\n\t\t\t<div class=\"elementor-column-wrap elementor-element-populated\">\n\t\t\t\t\t\t\t<div class=\"elementor-widget-wrap\">\n\t\t\t\t\t\t<div class=\"elementor-element elementor-element-ee4c128 aux-appear-watch-animation aux-fade-in-down elementor-widget elementor-widget-aux_image\" data-id=\"ee4c128\" data-element_type=\"widget\" data-widget_type=\"aux_image.default\">\n\t\t\t\t<div class=\"elementor-widget-container\">\n\t\t\t<section class=\"widget-container aux-widget-image aux-alignnone aux-parent-au6762bc2a\" style=\"\" >\n    <div class=\"aux-media-hint-frame \">\n        <div class=\"aux-media-image \" >\n        \n            \n\n            \n                        \n                <\/div>\n    <\/div>\n\n<\/section><!-- widget-container -->\t\t<\/div>\n\t\t\t\t<\/div>\n\t\t\t\t<div class=\"elementor-element elementor-element-89f2b52 aux-appear-watch-animation aux-fade-in-down elementor-widget__width-auto elementor-widget elementor-widget-aux_image\" data-id=\"89f2b52\" data-element_type=\"widget\" data-widget_type=\"aux_image.default\">\n\t\t\t\t<div class=\"elementor-widget-container\">\n\t\t\t<section class=\"widget-container aux-widget-image aux-alignnone aux-parent-au60cb2a6e\" style=\"\" >\n    <div class=\"aux-media-hint-frame \">\n        <div class=\"aux-media-image \" >\n        \n            \n\n            \n                        \n                <\/div>\n    <\/div>\n\n<\/section><!-- widget-container -->\t\t<\/div>\n\t\t\t\t<\/div>\n\t\t\t\t\t\t<\/div>\n\t\t\t\t\t<\/div>\n\t\t<\/div>\n\t\t\t\t\t\t\t\t<\/div>\n\t\t\t\t\t<\/div>\n\t\t<\/section>\n\t\t\t\t<section class=\"elementor-section elementor-top-section elementor-element elementor-element-b96f147 elementor-section-full_width elementor-section-height-default elementor-section-height-default\" data-id=\"b96f147\" data-element_type=\"section\">\n\t\t\t\t\t\t<div class=\"elementor-container elementor-column-gap-default\">\n\t\t\t\t\t\t\t<div class=\"elementor-row\">\n\t\t\t\t\t<div class=\"aux-parallax-section elementor-column elementor-col-100 elementor-top-column elementor-element elementor-element-70e6362\" data-id=\"70e6362\" data-element_type=\"column\">\n\t\t\t<div class=\"elementor-column-wrap\">\n\t\t\t\t\t\t\t<div class=\"elementor-widget-wrap\">\n\t\t\t\t\t\t\t\t<\/div>\n\t\t\t\t\t<\/div>\n\t\t<\/div>\n\t\t\t\t\t\t\t\t<\/div>\n\t\t\t\t\t<\/div>\n\t\t<\/section>\n\t\t\t\t\t\t\t\t\t<\/div>\n\t\t\t<\/div>\n\t\t\t\t\t<\/div>\n\t\t","protected":false},"excerpt":{"rendered":"<p>Fa\u00e7a contato Prontos para te atender! Endere\u00e7o: Rua Ronald Tkotz, 3377 &#8211; Jardim Taroba, Camb\u00e9 &#8211; PR, 86191-345 Numero de contato (43) 3338-1212 E-mail de contato ctmerkava@gmail.com Informe sua duvida Preenchao Formulario Em breve responderemos!\u00a0 Ative o JavaScript no seu navegador para preencher este formul\u00e1rio.Nome *NomeSobrenomeTelefone *Email *Mensagem Enviar<\/p>\n","protected":false},"author":1,"featured_media":0,"parent":0,"menu_order":0,"comment_status":"closed","ping_status":"closed","template":"templates\/page-builder-content.php","meta":{"om_disable_all_campaigns":false,"_monsterinsights_skip_tracking":false,"_monsterinsights_sitenote_active":false,"_monsterinsights_sitenote_note":"","_monsterinsights_sitenote_category":0},"_links":{"self":[{"href":"https:\/\/site.merkava.com.br\/index.php?rest_route=\/wp\/v2\/pages\/121"}],"collection":[{"href":"https:\/\/site.merkava.com.br\/index.php?rest_route=\/wp\/v2\/pages"}],"about":[{"href":"https:\/\/site.merkava.com.br\/index.php?rest_route=\/wp\/v2\/types\/page"}],"author":[{"embeddable":true,"href":"https:\/\/site.merkava.com.br\/index.php?rest_route=\/wp\/v2\/users\/1"}],"replies":[{"embeddable":true,"href":"https:\/\/site.merkava.com.br\/index.php?rest_route=%2Fwp%2Fv2%2Fcomments&post=121"}],"version-history":[{"count":16,"href":"https:\/\/site.merkava.com.br\/index.php?rest_route=\/wp\/v2\/pages\/121\/revisions"}],"predecessor-version":[{"id":383,"href":"https:\/\/site.merkava.com.br\/index.php?rest_route=\/wp\/v2\/pages\/121\/revisions\/383"}],"wp:attachment":[{"href":"https:\/\/site.merkava.com.br\/index.php?rest_route=%2Fwp%2Fv2%2Fmedia&parent=121"}],"curies":[{"name":"wp","href":"https:\/\/api.w.org\/{rel}","templated":true}]}}